{"id":12,"date":"2011-02-11T19:10:38","date_gmt":"2011-02-11T19:10:38","guid":{"rendered":"https:\/\/jarnafotoklubb.se\/?page_id=12"},"modified":"2024-02-08T12:08:09","modified_gmt":"2024-02-08T12:08:09","slug":"galleri","status":"publish","type":"page","link":"https:\/\/jarnafotoklubb.se\/?page_id=12","title":{"rendered":"Galleri"},"content":{"rendered":"<p><strong>Tyv\u00e4rr fungerar inte nedanst\u00e5ende l\u00e4nkar l\u00e4ngre!\u00a0<\/strong><\/p>\n<p><a href=\"http:\/\/hansv.jarnafotoklubb.se\" target=\"_blank\" rel=\"noopener\">Hans Vid\u00e9n<\/a><\/p>\n<p><a href=\"http:\/\/solveig.jarnafotoklubb.se\" target=\"_blank\" rel=\"noopener\">Solveig Granstr\u00f6m<\/a><\/p>\n<p><a href=\"http:\/\/asa.jarnafotoklubb.se\" target=\"_blank\" rel=\"noopener\">\u00c5sa Weidenstolpe<\/a><\/p>\n<p><a href=\"http:\/\/tarja.jarnafotoklubb.se\" target=\"_blank\" rel=\"noopener\">Tarja Hekkala<\/a><\/p>\n<p><a href=\"http:\/\/henrik.jarnafotoklubb.se\" target=\"_blank\" rel=\"noopener\">Henrik K\u00e4llb\u00e4cks<\/a><\/p>\n<p><a href=\"http:\/\/kalle.jarnafotoklubb.se\" target=\"_blank\" rel=\"noopener\">Kalle Bj\u00f6rklund<\/a><\/p>\n<p><a href=\"http:\/\/nilserik.jarnafotoklubb.se\" target=\"_blank\" rel=\"noopener\">Nils-Erik Fagerberg<\/a><\/p>\n<p>&nbsp;<\/p>\n","protected":false},"excerpt":{"rendered":"<p>Tyv\u00e4rr fungerar inte nedanst\u00e5ende l\u00e4nkar l\u00e4ngre!\u00a0 Hans Vid\u00e9n Solveig Granstr\u00f6m \u00c5sa Weidenstolpe Tarja Hekkala Henrik K\u00e4llb\u00e4cks Kalle Bj\u00f6rklund Nils-Erik Fagerberg &nbsp;<\/p>\n","protected":false},"author":1,"featured_media":0,"parent":0,"menu_order":0,"comment_status":"closed","ping_status":"closed","template":"","meta":{"footnotes":""},"class_list":["post-12","page","type-page","status-publish","hentry"],"_links":{"self":[{"href":"https:\/\/jarnafotoklubb.se\/index.php?rest_route=\/wp\/v2\/pages\/12","targetHints":{"allow":["GET"]}}],"collection":[{"href":"https:\/\/jarnafotoklubb.se\/index.php?rest_route=\/wp\/v2\/pages"}],"about":[{"href":"https:\/\/jarnafotoklubb.se\/index.php?rest_route=\/wp\/v2\/types\/page"}],"author":[{"embeddable":true,"href":"https:\/\/jarnafotoklubb.se\/index.php?rest_route=\/wp\/v2\/users\/1"}],"replies":[{"embeddable":true,"href":"https:\/\/jarnafotoklubb.se\/index.php?rest_route=%2Fwp%2Fv2%2Fcomments&post=12"}],"version-history":[{"count":16,"href":"https:\/\/jarnafotoklubb.se\/index.php?rest_route=\/wp\/v2\/pages\/12\/revisions"}],"predecessor-version":[{"id":2556,"href":"https:\/\/jarnafotoklubb.se\/index.php?rest_route=\/wp\/v2\/pages\/12\/revisions\/2556"}],"wp:attachment":[{"href":"https:\/\/jarnafotoklubb.se\/index.php?rest_route=%2Fwp%2Fv2%2Fmedia&parent=12"}],"curies":[{"name":"wp","href":"https:\/\/api.w.org\/{rel}","templated":true}]}}

<p><strong>Tyvärr fungerar inte nedanstående länkar längre! </strong></p>
<p><a href="http://hansv.jarnafotoklubb.se" target="_blank" rel="noopener">Hans Vidén</a></p>
<p><a href="http://solveig.jarnafotoklubb.se" target="_blank" rel="noopener">Solveig Granström</a></p>
<p><a href="http://asa.jarnafotoklubb.se" target="_blank" rel="noopener">Åsa Weidenstolpe</a></p>
<p><a href="http://tarja.jarnafotoklubb.se" target="_blank" rel="noopener">Tarja Hekkala</a></p>
<p><a href="http://henrik.jarnafotoklubb.se" target="_blank" rel="noopener">Henrik Källbäcks</a></p>
<p><a href="http://kalle.jarnafotoklubb.se" target="_blank" rel="noopener">Kalle Björklund</a></p>
<p><a href="http://nilserik.jarnafotoklubb.se" target="_blank" rel="noopener">Nils-Erik Fagerberg</a></p>
<p>&nbsp;</p>

<p>Tyvärr fungerar inte nedanstående länkar längre!  Hans Vidén Solveig Granström Åsa Weidenstolpe Tarja Hekkala Henrik Källbäcks Kalle Björklund Nils-Erik Fagerberg &nbsp;</p>
